237 and 113523?
237
What is the greatest common factor of 700 and 511?
7
Calculate the greatest common divisor of 5760 and 55170.
90
What is the highest common divisor of 558 and 14601?
93
What is the highest common factor of 320925 and 1375?
275
Calculate the greatest common divisor of 110 and 1801426.
22
Calculate the highest common factor of 2915 and 25069.
583
Calculate the highest common divisor of 135 and 564138.
27
Calculate the highest common divisor of 6 and 1082834.
2
Calculate the highest common factor of 5429373 and 477.
159
What is the greatest common divisor of 523 and 15474001?
523
Calculate the highest common factor of 15300 and 150300.
900
What is the greatest common factor of 5176192 and 1344?
448
Calculate the highest common factor of 7504 and 736.
16
What is the greatest common factor of 18 and 334098?
18
What is the greatest common factor of 303149 and 254?
127
What is the greatest common factor of 34918 and 4862?
442
Calculate the highest common factor of 22575 and 280.
35
Calculate the highest common divisor of 236 and 7316.
236
What is the highest common divisor of 151 and 546167?
151
What is the greatest common divisor of 775 and 480965?
155
What is the highest common divisor of 5733 and 2496?
39
Calculate the highest common divisor of 750 and 23000.
250
What is the highest common divisor of 6 and 392378?
2
Calculate the highest common factor of 482762 and 28.
14
Calculate the greatest common divisor of 260 and 10390.
10
Calculate the highest common divisor of 128217 and 711.
237
Calculate the highest common divisor of 4 and 41752.
4
What is the greatest common divisor of 302599 and 5?
1
What is the greatest common factor of 94181 and 53?
53
What is the greatest common divisor of 200322 and 31?
31
Calculate the highest common divisor of 732 and 23790.
366
Calculate the highest common factor of 7209 and 7476.
267
Calculate the greatest common divisor of 168 and 47208.
168
Calculate the greatest common divisor of 1601020 and 20.
20
Calculate the greatest common factor of 238 and 66538.
34
Calculate the highest common divisor of 778 and 39289.
389
What is the highest common factor of 33972 and 23028?
228
What is the highest common factor of 2201 and 114239?
71
What is the highest common factor of 1175 and 700?
25
What is the greatest common divisor of 167310 and 22?
22
What is the greatest common divisor of 31 and 309?
1
Calculate the highest common divisor of 429 and 108427.
11
Calculate the greatest common divisor of 159579 and 21.
21
Calculate the highest common factor of 124 and 14012.
124
Calculate the greatest common factor of 3876 and 372.
12
Calculate the greatest common factor of 599 and 67687.
599
Calculate the greatest common factor of 3282 and 354.
6
What is the greatest common factor of 11758 and 10?
2
What is the highest common factor of 3731 and 213733?
533
Calculate the greatest common factor of 33 and 644919.
33
Calculate the highest common factor of 18 and 734.
2
What is the highest common divisor of 23 and 2598931?
23
What is the greatest common divisor of 16 and 55696?
16
Calculate the highest common divisor of 4838 and 413.
59
Calculate the greatest common factor of 1701 and 206871.
21
Calculate the greatest common divisor of 10988 and 39932.
268
Calculate the highest common factor of 12675 and 660.
15
Calculate the highest common divisor of 99990 and 645.
15
What is the highest common factor of 59698 and 139819?
1571
What is the highest common factor of 4114 and 124168?
374
Calculate the highest common factor of 540 and 26352.
108
What is the highest common divisor of 41713 and 1416?
59
What is the highest common factor of 48 and 729?
3
Calculate the greatest common factor of 1302840 and 18.
18
Calculate the highest common factor of 4 and 113852.
4
Calculate the greatest common factor of 36 and 748.
4
What is the highest common factor of 408175 and 563?
563
What is the highest common divisor of 852 and 73059?
213
What is the greatest common factor of 8908 and 14148?
524
What is the greatest common divisor of 29016 and 4706?
26
Calculate the greatest common factor of 183828 and 4.
4
Calculate the highest common factor of 113009 and 39.
13
Calculate the greatest common factor of 27 and 2373597.
27
Calculate the greatest common divisor of 13845 and 26.
13
What is the greatest common divisor of 10742 and 12546?
82
What is the highest common factor of 2392 and 5668?
52
What is the greatest common divisor of 99 and 84183?
33
Calculate the greatest common divisor of 51 and 30498.
51
Calculate the highest common divisor of 3520 and 289300.
220
Calculate the highest common factor of 12943 and 2279.
43
Calculate the greatest common divisor of 10148 and 12212.
172
Calculate the greatest common factor of 12 and 153084.
12
What is the greatest common divisor of 281 and 1022559?
281
Calculate the highest common factor of 16632 and 13824.
216
What is the highest common factor of 143 and 103763?
11
What is the highest common divisor of 2212037 and 38?
19
What is the highest common factor of 13481 and 221?
221
What is the greatest common factor of 96 and 4860?
12
What is the greatest common factor of 11750 and 36002?
94
What is the highest common factor of 439718 and 86?
86
What is the highest common factor of 1607 and 12?
1
Calculate the greatest common divisor of 149 and 627439.
149
What is the highest common factor of 216 and 40536?
72
Calculate the highest common factor of 695894 and 190.
38
Calculate the greatest common factor of 1414 and 602.
14
What is the highest common divisor of 158 and 43450?
158
Calculate the greatest common divisor of 21850 and 56350.
1150
Calculate the greatest common factor of 688 and 300828.
172
What is the highest common divisor of 4642 and 76382?
422
What is the highest common divisor of 414076 and 52?
52
What is the highest common divisor of 75 and 138775?
25
Calculate the highest common factor of 768 and 46176.
96
Calculate the highest common factor of 6352 and 5.
1
What is the greatest common factor of 30 and 237670?
10
Calculate the greatest common divisor of 22877733 and 293.
293
What is the highest common factor of 3104 and 145694?
194
What is the greatest common factor of 3667 and 3002?
19
Calculate the highest common factor of 23 and 68057.
23
What is the highest common factor of 2 and 89694?
2
Calculate the greatest common divisor of 13609 and 31.
31
Calculate the highest common factor of 240 and 136830.
30
What is the highest common divisor of 100524 and 48?
12
Calculate the greatest common divisor of 378 and 78876.
126
Calculate the greatest common factor of 160320 and 150.
30
What is the greatest common divisor of 175 and 63?
7
Calculate the greatest common divisor of 50055 and 426.
213
Calculate the greatest common factor of 4000 and 441250.
250
Calculate the highest common factor of 60 and 116760.
60
What is the highest common factor of 323694 and 14994?
882
Calculate the greatest common factor of 1904 and 56525.
119
Calculate the greatest common divisor of 5319 and 207.
9
Calculate the highest common divisor of 24 and 253500.
12
Calculate the highest common divisor of 8651046 and 31.
31
What is the highest common factor of 130 and 55354?
26
What is the highest common factor of 7599 and 193104?
447
What is the highest common divisor of 99293 and 93?
31
What is the highest common factor of 1684 and 132?
4
Calculate the highest common factor of 136017 and 21.
21
Calculate the highest common factor of 5985 and 1447040.
665
Calculate the greatest common factor of 1113 and 70914.
159
What is the greatest common factor of 820 and 7134?
82
Calculate the greatest common divisor of 26642 and 10780.
154
Calculate the greatest common divisor of 600 and 35976.
24
What is the greatest common divisor of 61 and 532591?
61
Calculate the greatest common factor of 3335 and 19435.
115
Calculate the highest common divisor of 846 and 4986.
18
Calculate the highest common factor of 17 and 1530901.
17
What is the highest common factor of 54 and 8559?
27
What is the greatest common divisor of 700538 and 93?
31
Calculate the highest common factor of 95 and 34680.
5
Calculate the highest common factor of 70 and 78505.
35
What is the greatest common factor of 1446 and 434523?
723
What is th